s of a(s).
13
Let v(u) be the first derivative of u**3/3 - 11*u**2/2 + 12*u - 18. What are the prime factors of v(16)?
2, 23
Let u(j) be the third derivative of -j**5/20 + j**4/24 + j**3/6 + 6*j**2. Let w be u(-3). Let h = w - -46. List the prime factors of h.
17
Let m = -34 - -51. Suppose 14 + m = j + 3*x, 5*j - 194 = -2*x. List the prime factors of j.
2, 5
Suppose 0 = 2*d + 2*d - 72. Suppose -a - 10 - d = 0. List the prime factors of (329/a)/(2/(-8)).
47
Suppose 2017 = 3*c - 2906. List the prime factors of c.
3, 547
Let a = 55 + -52. Suppose -a*b + 4*g + 47 = 0, -4*b + 0*b + 41 = -g. What are the prime factors of b?
3
Let h(x) = -x**3 + 7*x**2 + 11*x - 2. What are the prime factors of h(7)?
3, 5
Let b(s) = -3*s**2 + 2*s. Let a be b(2). Let x(f) be the second derivative of -f**3/2 - 2*f**2 - f. What are the prime factors of x(a)?
2, 5
Let g(y) = -y**2 - 10*y - 9. Let u be g(-9). Suppose -5*a + 363 + 117 = u. Suppose 3*d = d + a. What are the prime factors of d?
2, 3
Suppose -5*z + 12 - 2 = 5*n, 0 = 3*n + 2*z - 6. Suppose -n*c + 15 = -c. List the prime factors of c.
3, 5
Suppose 3*q + 720 = 7*q. Suppose -3*h - f = -0*f - 108, 5*f - q = -5*h. List the prime factors of h.
2, 3
Let g(j) = 3*j**2 - 26*j + 21. List the prime factors of g(-14).
7, 139
Let s(g) = 8*g + 7. Let h be s(1). Suppose h = -4*y + 9*y. What are the prime factors of y?
3
Suppose 2*m - 5*a - 2905 = 0, 4*a = -24*m + 27*m - 4375. List the prime factors of m.
5, 293
Let v(d) = 0*d - 1 + 2*d + 4*d - 5*d. Let k be v(0). List the prime factors of 50/(-2)*(k + 0).
5
Let t(v) = -v. Suppose d - 3 = 2*o, d = -o - 0*o. Let f(z) = 2*z**2 + 16*z - 3. Let p(s) = d*f(s) + 6*t(s). List the prime factors of p(-7).
5
Suppose -4*y + 0*y = 0. Suppose y*l + 116 = 2*l. List the prime factors of l.
2, 29
Let d be (-4 - (-246)/8) + 9/(-12). Suppose 6*z - 352 = d. What are the prime factors of z?
3, 7
What are the prime factors of (-2 + (-34)/(-8))*(-3 - -159)?
3, 13
Suppose 0 = 8*c - 3*c + 80. Let r(u) = -u**2 - 16*u + 12. What are the prime factors of r(c)?
2, 3
Let t(h) = 507*h + 372. What are the prime factors of t(7)?
3, 1307
Suppose 2*k = 6*k + c - 61, -3*k + 63 = -5*c. Let o = k - 9. Let g = 13 - o. What are the prime factors of g?
2, 3
Suppose 2*k + 72 = -2*g, 1 = -5*k - 19. Suppose 2*h = -9 + 163. Let m = h + g. List the prime factors of m.
3, 5
Let t(x) = -x**3 - 6*x**2 + 5*x - 18. Let k be t(-7). What are the prime factors of (554/k)/(18/(-4) + 4)?
277
Let y = -1253 - -1879. List the prime factors of y.
2, 313
Let p = -114 + 78. Suppose -4*s - 304 = -100. Let c = p - s. List the prime factors of c.
3, 5
Let i = -751 - -1771. What are the prime factors of i?
2, 3, 5, 17
Let m = 183 - 153. List the prime factors of m.
2, 3, 5
Let q be 5/3 - (-1)/3. Suppose -4*y + 9*y + 44 = q*l, -2*l + 44 = 3*y. List the prime factors of l.
2, 11
Let o = -2 - -7. Let m(j) = 4*j**2 + 6*j - 4. Let l be m(o). List the prime factors of (4/6)/(3/l).
2, 7
List the prime factors of (-209 - -1)/((-24)/132 + 0).
2, 11, 13
Suppose 0 = 14*z + 3*z - 1190. What are the prime factors of z?
2, 5, 7
Let z = 22 - 17. Suppose -z*d = -n - 528, 0 = -d + n - 0*n + 104. What are the prime factors of d?
2, 53
List the prime factors of (-10 - -7) + -3 + 775.
769
Suppose -q + 0 = -2. Let b = 29 + -40. Let u = q - b. What are the prime factors of u?
13
Suppose -3 - 3 = 3*p. Let f be (4/p)/((-12)/30). Suppose -2*b = -f*b + 54. List the prime factors of b.
2, 3
Suppose -5*l + 7*l = -2*i + 1254, 0 = 2*l. What are the prime factors of i?
3, 11, 19
Let i(v) = 24*v**2 + 4*v - 2. Let s be i(3). Let r = -26 + s. What are the prime factors of r?
2, 5
Suppose -2*m - g = -2*g - 67, 3*g + 3 = 0. Let v = m + -3. Suppose -2*y + 21 = -5*l - 5, -4*y = l - v. What are the prime factors of y?
2
Suppose -1227 = 15*m - 11982. List the prime factors of m.
3, 239
Let c = 30 - 21. Let i = 9 - c. Suppose i = 4*f - 5*f + 16. List the prime factors of f.
2
Let t = 103 + -393. List the prime factors of -1 - (t + 4/(-4)).
2, 5, 29
Let n = 68 - -32. Suppose 4*x + 3*t - n = -x, -3*x = 5*t - 44. What are the prime factors of x?
23
Suppose 6*n - n + 35 = 5*k, 0 = 2*n + 5*k. Let a(z) = 3*z**2 + 13*z + 7. What are the prime factors of a(n)?
17
List the prime factors of ((-39)/(-3))/(-1 - (-560)/552).
3, 13, 23
Suppose -d - 912 = -5*d. Let a = 427 - d. List the prime factors of a.
199
Let p(l) = 2*l - 150. Let w be p(0). Let n = w + 220. List the prime factors of n.
2, 5, 7
Let b(i) = 202*i**2 - 3*i - 9. What are the prime factors of b(-2)?
5, 7, 23
Let a be 14/112 + (-31)/(-8). Suppose -834 = -a*k - 114. What are the prime factors of k?
2, 3, 5
Suppose r + w = 6*r - 1259, 1 = w. Let b = r - 173. List the prime factors of b.
79
Let f be (-38)/(-1) + (-3)/(-1). Suppose -8*u - f = -121. What are the prime factors of u?
2, 5
Let m(d) = -2*d**2 + 13*d + 4. Let u be m(-10). Let x = 470 + u. Suppose -8*j - j + x = 0. What are the prime factors of j?
2
Let n be (0 - -4) + 2 + -3. Suppose 4*b = 2*j + 126, -2*b - n*j = -b - 14. List the prime factors of b.
29
Suppose 5*r = 2*r + 9. Let d(o) = 3*o**3 - 3*o**2 - 4*o + 3. Let v be d(r). Suppose -v = -4*l + 7. What are the prime factors of l?
13
List the prime factors of 4/(550/(-69) + 8).
2, 3, 23
Let o(t) = -t**3 - 14*t**2 + 16*t + 46. What are the prime factors of o(-16)?
2, 151
Let d(x) = -x**3 + 15*x**2 + 5. Let p(q) = -q**3 - 6*q**2 - 4*q - 9. Let f be p(-6). What are the prime factors of d(f)?
5
Let w(y) = 4*y**3 + 4*y**2 + y - 179. Let r(x) = -3*x**3 - 3*x**2 - x + 178. Let a(b) = 3*r(b) + 2*w(b). List the prime factors of a(0).
2, 11
Let x(a) = -20*a + 33. What are the prime factors of x(-16)?
353
Let s(c) = -6*c**3 + 5*c**2 + 45. Let z(p) = 5*p**3 - 4*p**2 - 46. Let i(u) = -4*s(u) - 5*z(u). Let v be i(0). What are the prime factors of (30/v)/(2/130)?
3, 13
Suppose -4 = -b, -n + 3*b - 831 = -4*n. What are the prime factors of (-2)/(-4)*(n - -1)?
137
Let t(c) = -c**3 - 24*c**2 + 8*c - 119. List the prime factors of t(-27).
2, 463
Suppose 5*t + 8 = -2. What are the prime factors of 63/(t + 2 + 1)?
3, 7
Let c(n) = 164*n**2 + 28*n - 98. What are the prime factors of c(4)?
2, 1319
Let n be 10/(-15)*(-6)/4. Let k(o) = 18*o**3. Let s be k(n). Suppose -h - h + s = 0. List the prime factors of h.
3
Suppose 3 = 5*r - 397. Suppose -5*k - 5*f + r = 0, 2*f + 49 + 4 = 3*k. List the prime factors of k.
17
Suppose 2*f - 861 = -5*f. Suppose -g + 4*g - f = 0. List the prime factors of g.
41
Let j(h) = 0 - 14*h**2 - 2 + 14 + 15*h**2 - 2*h. List the prime factors of j(8).
2, 3, 5
Let h = 640 - 361. What are the prime factors of h?
3, 31
Let u be 4 - -3*4/4. Let q(m) = -u*m + 17 + 6*m - m. What are the prime factors of q(-11)?
3, 13
Let f = -41 + -83. Let c = f - -242. What are the prime factors of c?
2, 59
Suppose 66*d + 8551 = 49009. List the prime factors of d.
613
Suppose -14*o + 1430 = -558. What are the prime factors of o?
2, 71
Let n = 54 - 28. Let m be (-12)/20 + n/10. List the prime factors of m/(-2)*(3 - 43).
2, 5
Let p be ((-246)/9 + 2)*1*-27. Let j = p - 474. List the prime factors of j.
2, 3, 5, 7
Let p = 25 + -22. Suppose -15 = -p*n - 0. Suppose n*f - 96 = f. List the prime factors of f.
2, 3
Let y(d) = 3*d - 4. Let p be y(3). Suppose s - 2 = -3*a, -s = 2*s - p*a - 6. List the prime factors of s.
2
Let o = -469 + 667. List the prime factors of o.
2, 3, 11
Let z(g) = 3 - 2 + 9*g - 6*g + g**2. Let c be z(-4). Suppose 0*a - a + 33 = -c*h, 5*a + 4*h = 78. What are the prime factors of a?
2, 3
Let u = -86 + 91. Suppose -5*s + 896 = -u*d - 144, 5*s + 3*d = 1032. What are the prime factors of s?
3, 23
Let v(s) be the second derivative of -11*s**3/6 + 2*s**2 + 11*s. Let h be v(-4). Suppose 0 = 5*x + 3*k - h, -x = -3*x - 3*k + 12. List the prime factors of x.
2, 3
Let u(b) be the third derivative of -7*b**4/12 - 13*b**3/6 - 5*b**2. List the prime factors of u(-5).
3, 19
Let z = 23 - 21. What are the prime factors of z/(-3)*114/(-4)?
19
Let a = 4890 - 2686. What are the prime factors of a?
2, 19, 29
Let g = -15 + 18. Suppose 0 = -q + 1, 3*q + q = -g*p + 67. Suppose 0*o + 3*o - p = 0. List the prime factors of o.
7
Suppose -1001 = -3*y + 4*l + 2609, -3*l + 6 = 0. What are the prime factors of y?
2, 3, 67
Let u = 12 - 8. Let n(y) be the 